{"id":321,"date":"2025-08-21T16:51:09","date_gmt":"2025-08-21T14:51:09","guid":{"rendered":"https:\/\/gazdagret.varosinfo.hu\/?page_id=321"},"modified":"2025-08-21T16:51:09","modified_gmt":"2025-08-21T14:51:09","slug":"hirdetes","status":"publish","type":"page","link":"https:\/\/varosinfo.hu\/gazdagret\/hirdetes\/","title":{"rendered":"Hirdessen a Gazdagr\u00e9t.v\u00e1rosinf\u00f3.hu oldalon kedvez\u0151 \u00e1ron"},"content":{"rendered":"\n<p>A Gazdagr\u00e9t.v\u00e1rosinf\u00f3.hu helyi inform\u00e1ci\u00f3s oldalon a teljesen d\u00edjmentes adatlap-jelleg\u0171 megjelen\u00e9s mellett grafikus hirdet\u00e9ssel is felh\u00edvhatja v\u00e1llalkoz\u00e1s\u00e1ra a figyelmet. Erre h\u00e1rom helyen van banner opci\u00f3, valamint \u00f6n\u00e1ll\u00f3 cikk is elhelyezhet\u0151.<\/p>\n\n\n\n<!--more-->\n\n\n\n<p>Banner a fejl\u00e9cben a log\u00f3 mellett (PC) \/ alatt (mobil), az oldals\u00e1vban, illetve a posztok alatt jelen\u00edthet\u0151 meg.<\/p>\n\n\n\n<p>Banner m\u00e9retek:<\/p>\n\n\n\n<ul class=\"wp-block-list\">\n<li>fejl\u00e9c: 930&#215;100 pixel<\/li>\n\n\n\n<li>oldals\u00e1v: minimum 300&#215;200, maximum 400&#215;1000 pixel<\/li>\n\n\n\n<li>bejegyz\u00e9sek alatt: minimum 200&#215;50 pixel, maximum 600&#215;200 pixel<\/li>\n<\/ul>\n\n\n\n<p>D\u00edjaz\u00e1s:<\/p>\n\n\n\n<ul class=\"wp-block-list\">\n<li>banner: 10.000,- forint \/ h\u00e9t \/ banner<\/li>\n\n\n\n<li>\u00f6n\u00e1ll\u00f3 tartalom: egyszeri 10.000,- forint<\/li>\n<\/ul>\n\n\n\n<p>Amennyiben ig\u00e9nybe k\u00edv\u00e1nja venni a szolg\u00e1ltat\u00e1st, az al\u00e1bbiakat legyen sz\u00edves eljuttatni a gazdagret &#8211; kukac &#8211; varosinfo.hu e-mail c\u00edmre:<\/p>\n\n\n\n<ul class=\"wp-block-list\">\n<li>sz\u00e1ml\u00e1z\u00e1si n\u00e9v<\/li>\n\n\n\n<li>sz\u00e1ml\u00e1z\u00e1si ad\u00f3sz\u00e1m<\/li>\n\n\n\n<li>banner eset\u00e9n\n<ul class=\"wp-block-list\">\n<li>grafikai anyag<\/li>\n\n\n\n<li>c\u00e9l URL<\/li>\n<\/ul>\n<\/li>\n\n\n\n<li>cikk eset\u00e9n\n<ul class=\"wp-block-list\">\n<li>c\u00edm<\/li>\n\n\n\n<li>lead<\/li>\n\n\n\n<li>kiemelt k\u00e9p<\/li>\n\n\n\n<li>sz\u00f6veg<\/li>\n<\/ul>\n<\/li>\n<\/ul>\n","protected":false},"excerpt":{"rendered":"<p>A Gazdagr\u00e9t.v\u00e1rosinf\u00f3.hu helyi inform\u00e1ci\u00f3s oldalon a teljesen d\u00edjmentes adatlap-jelleg\u0171 megjelen\u00e9s mellett grafikus hirdet\u00e9ssel is felh\u00edvhatja&#8230;<\/p>\n","protected":false},"author":1,"featured_media":0,"parent":0,"menu_order":0,"comment_status":"closed","ping_status":"closed","template":"","meta":{"footnotes":""},"class_list":["post-321","page","type-page","status-publish","hentry"],"_links":{"self":[{"href":"https:\/\/varosinfo.hu\/gazdagret\/wp-json\/wp\/v2\/pages\/321","targetHints":{"allow":["GET"]}}],"collection":[{"href":"https:\/\/varosinfo.hu\/gazdagret\/wp-json\/wp\/v2\/pages"}],"about":[{"href":"https:\/\/varosinfo.hu\/gazdagret\/wp-json\/wp\/v2\/types\/page"}],"author":[{"embeddable":true,"href":"https:\/\/varosinfo.hu\/gazdagret\/wp-json\/wp\/v2\/users\/1"}],"replies":[{"embeddable":true,"href":"https:\/\/varosinfo.hu\/gazdagret\/wp-json\/wp\/v2\/comments?post=321"}],"version-history":[{"count":0,"href":"https:\/\/varosinfo.hu\/gazdagret\/wp-json\/wp\/v2\/pages\/321\/revisions"}],"wp:attachment":[{"href":"https:\/\/varosinfo.hu\/gazdagret\/wp-json\/wp\/v2\/media?parent=321"}],"curies":[{"name":"wp","href":"https:\/\/api.w.org\/{rel}","templated":true}]}}

Hirdessen a Gazdagrét.városinfó.hu oldalon kedvező áron

<p>A Gazdagrét.városinfó.hu helyi információs oldalon a teljesen díjmentes adatlap-jellegű megjelenés mellett grafikus hirdetéssel is felhívhatja vállalkozására a figyelmet. Erre három helyen van banner opció, valamint önálló cikk is elhelyezhető.</p>



<!--more-->



<p>Banner a fejlécben a logó mellett (PC) / alatt (mobil), az oldalsávban, illetve a posztok alatt jeleníthető meg.</p>



<p>Banner méretek:</p>



<ul class="wp-block-list">
<li>fejléc: 930&#215;100 pixel</li>



<li>oldalsáv: minimum 300&#215;200, maximum 400&#215;1000 pixel</li>



<li>bejegyzések alatt: minimum 200&#215;50 pixel, maximum 600&#215;200 pixel</li>
</ul>



<p>Díjazás:</p>



<ul class="wp-block-list">
<li>banner: 10.000,- forint / hét / banner</li>



<li>önálló tartalom: egyszeri 10.000,- forint</li>
</ul>



<p>Amennyiben igénybe kívánja venni a szolgáltatást, az alábbiakat legyen szíves eljuttatni a gazdagret &#8211; kukac &#8211; varosinfo.hu e-mail címre:</p>



<ul class="wp-block-list">
<li>számlázási név</li>



<li>számlázási adószám</li>



<li>banner esetén
<ul class="wp-block-list">
<li>grafikai anyag</li>



<li>cél URL</li>
</ul>
</li>



<li>cikk esetén
<ul class="wp-block-list">
<li>cím</li>



<li>lead</li>



<li>kiemelt kép</li>



<li>szöveg</li>
</ul>
</li>
</ul>

<p>A Gazdagrét.városinfó.hu helyi információs oldalon a teljesen díjmentes adatlap-jellegű megjelenés mellett grafikus hirdetéssel is felhívhatja&#8230;</p>
